{"id":3047,"date":"2019-04-27T18:45:14","date_gmt":"2019-04-27T16:45:14","guid":{"rendered":"http:\/\/sommer.koralpe-kaernten.at\/?page_id=3047"},"modified":"2020-04-24T09:19:37","modified_gmt":"2020-04-24T07:19:37","slug":"wandern-mit-kindern-zum-pomswasserfall","status":"publish","type":"page","link":"https:\/\/sommer.koralpe-kaernten.at\/?page_id=3047","title":{"rendered":"Wandern mit Kindern zum Pomswasserfall"},"content":{"rendered":"<p>Unser Wandertipp mit Kindern \u2013 Erlebnis Wasserfall<\/p>\n<p><img loading=\"lazy\" class=\"aligncenter size-large wp-image-3145\" src=\"http:\/\/sommer.koralpe-kaernten.at\/wp-content\/uploads\/2019\/04\/Wandern-mit-Kindern-1024x181.jpg\" alt=\"\" width=\"604\" height=\"107\" srcset=\"https:\/\/sommer.koralpe-kaernten.at\/wp-content\/uploads\/2019\/04\/Wandern-mit-Kindern-1024x181.jpg 1024w, https:\/\/sommer.koralpe-kaernten.at\/wp-content\/uploads\/2019\/04\/Wandern-mit-Kindern-300x53.jpg 300w, https:\/\/sommer.koralpe-kaernten.at\/wp-content\/uploads\/2019\/04\/Wandern-mit-Kindern-768x136.jpg 768w, https:\/\/sommer.koralpe-kaernten.at\/wp-content\/uploads\/2019\/04\/Wandern-mit-Kindern.jpg 1274w\" sizes=\"(max-width: 604px) 100vw, 604px\" \/><\/p>\n<p>Von unterhalb des Parkplatzes geht es\u00a0 in Richtung Pomswasserfall (Wanderweg 591). Der Einstieg befindet sich links an der Stra\u00dfe, kurz vor der Kuppe zum gro\u00dfen Parkplatz des Koralpendorfes (beschildert).<\/p>\n<p>\u00dcblicherweise betr\u00e4gt die Gehzeit zum Wasserfall ca. 50 Minuten. Mit kleineren Kindern sollte man sich den Spruch \u201eDer Weg ist das Ziel\u201c zu Herzen nehmen. Denn wenn man sich die Zeit nimmt und den Kindern gibt, um die gro\u00dfen und kleinen Wunder der Natur zu bestaunen und zu erkunden, kann es auch mal bis zu 2 Stunden dauern\u2026<\/p>\n<p>Gleich beim ersten St\u00fcck findet man, je nach Jahreszeit, viele Blaubeeren, die es zu finden und zu naschen gibt. Weiter geht\u2019s dann dem Weg entlang, wo viele wilde Himbeeren dazu einladen, gepfl\u00fcckt und gekostet zu werden. Einige der dem Weg entlang wachsenden Pflanzen locken sehr viele Schmetterlinge an, die es dann ausgiebig zu beobachten gilt. Kurz vor dem Wasserfall geht es \u00fcber eine kleine Br\u00fccke. Hier kommt man herrlich zum Wasser und kann Bl\u00e4ttern zusehen, wie sie den Bachlauf hinunterschwimmen oder ein kleinen Schifferlwettrennen veranstalten. Auch findet man hier immer wieder alte Baumst\u00e4mme, die es zu \u201eerklettern\u201c gilt. Beim Wasserfall kann man sich dann herrlich ausruhen, dem Pl\u00e4tschern lauschen und die Seele baumeln lassen, bevor es auf saftigen Wiesen oder der Stra\u00dfe entlang wieder zur\u00fcck geht.<\/p>\n<p>Sollten die Kinder jedoch noch Ausdauer haben, ist die restliche Strecke bis zur Gro\u00dfh\u00f6llerh\u00fctte sehr empfehlenswert, wo man sich bei einer herrlichen Jause f\u00fcr den R\u00fcckweg st\u00e4rken kann.<\/p>\n<p>&nbsp;<\/p>\n","protected":false},"excerpt":{"rendered":"Unser Wandertipp mit Kindern \u2013 Erlebnis Wasserfall Von unterhalb des Parkplatzes geht es\u00a0 in Richtung Pomswasserfall (Wanderweg 591). Der Einstieg befindet sich links an der Stra\u00dfe, kurz vor der Kuppe zum gro\u00dfen Parkplatz des Koralpendorfes (beschildert). \u00dcblicherweise betr\u00e4gt die Gehzeit zum Wasserfall ca. 50 Minuten. Mit kleineren Kindern sollte man sich den Spruch \u201eDer Weg ist das Ziel\u201c zu Herzen nehmen. Denn wenn man sich die Zeit nimmt und den Kindern gibt, um die gro\u00dfen und kleinen Wunder der Natur zu bestaunen und zu erkunden, kann es auch mal bis zu 2 Stunden dauern\u2026 Gleich beim ersten St\u00fcck findet man, je nach Jahreszeit, viele Blaubeeren, die es zu finden und zu naschen gibt. Weiter geht\u2019s dann dem Weg entlang, wo viele wilde Himbeeren dazu einladen, gepfl\u00fcckt und gekostet zu werden. Einige der dem Weg entlang wachsenden Pflanzen locken sehr viele Schmetterlinge an, die es dann ausgiebig zu beobachten gilt. Kurz vor dem Wasserfall geht es \u00fcber eine kleine Br\u00fccke. Hier kommt man herrlich zum Wasser und kann Bl\u00e4ttern zusehen, wie sie den Bachlauf hinunterschwimmen oder ein kleinen Schifferlwettrennen veranstalten. Auch findet man hier immer wieder alte Baumst\u00e4mme, die es zu \u201eerklettern\u201c gilt. Beim Wasserfall kann man sich dann herrlich ausruhen,&nbsp;<a href=\"https:\/\/sommer.koralpe-kaernten.at\/?page_id=3047\" class=\"read-more\">Weiter lesen<\/a>","protected":false},"author":2,"featured_media":0,"parent":3029,"menu_order":0,"comment_status":"closed","ping_status":"closed","template":"page-fullwidth.php","meta":[],"_links":{"self":[{"href":"https:\/\/sommer.koralpe-kaernten.at\/index.php?rest_route=\/wp\/v2\/pages\/3047"}],"collection":[{"href":"https:\/\/sommer.koralpe-kaernten.at\/index.php?rest_route=\/wp\/v2\/pages"}],"about":[{"href":"https:\/\/sommer.koralpe-kaernten.at\/index.php?rest_route=\/wp\/v2\/types\/page"}],"author":[{"embeddable":true,"href":"https:\/\/sommer.koralpe-kaernten.at\/index.php?rest_route=\/wp\/v2\/users\/2"}],"replies":[{"embeddable":true,"href":"https:\/\/sommer.koralpe-kaernten.at\/index.php?rest_route=%2Fwp%2Fv2%2Fcomments&post=3047"}],"version-history":[{"count":9,"href":"https:\/\/sommer.koralpe-kaernten.at\/index.php?rest_route=\/wp\/v2\/pages\/3047\/revisions"}],"predecessor-version":[{"id":3294,"href":"https:\/\/sommer.koralpe-kaernten.at\/index.php?rest_route=\/wp\/v2\/pages\/3047\/revisions\/3294"}],"up":[{"embeddable":true,"href":"https:\/\/sommer.koralpe-kaernten.at\/index.php?rest_route=\/wp\/v2\/pages\/3029"}],"wp:attachment":[{"href":"https:\/\/sommer.koralpe-kaernten.at\/index.php?rest_route=%2Fwp%2Fv2%2Fmedia&parent=3047"}],"curies":[{"name":"wp","href":"https:\/\/api.w.org\/{rel}","templated":true}]}}