{"id":3045,"date":"2019-04-27T18:45:58","date_gmt":"2019-04-27T16:45:58","guid":{"rendered":"http:\/\/sommer.koralpe-kaernten.at\/?page_id=3045"},"modified":"2019-04-27T18:54:49","modified_gmt":"2019-04-27T16:54:49","slug":"panoramarundwanderung","status":"publish","type":"page","link":"https:\/\/sommer.koralpe-kaernten.at\/?page_id=3045","title":{"rendered":"Panoramarundwanderung"},"content":{"rendered":"<p>Herrliche Rundwanderung auf der Koralpe. Bei klarer Fernsicht sieht man vom Gipfel (dem Gro\u00dfen Speikkogel) im S\u00fcd-Westen die Steiner Alpen, die Koschuta, die Julischen Alpen (Triglav 2.863 m), im Westen die Karnischen Alpen bis hin zu den Hohen Tauern, im Nord-Westen die Schladminger Tauern und W\u00f6lzer Tauern, im Norden die Eisenerzer Alpen und im S\u00fcden die Gottscheer Berge.<\/p>\n<p>Entlang des Bergr\u00fcckens verl\u00e4uft die Grenze zwischen den \u00f6sterreichischen Bundesl\u00e4ndern K\u00e4rnten und Steiermark. Obwohl die h\u00f6chsten Bereiche des aus kristallinem Gestein aufgebauten Gebirgszuges Hochgebirgscharakter aufweisen, ist der gr\u00f6\u00dfte Teil des Gebietes durch Mittelgebirgsformen gepr\u00e4gt.<\/p>\n<p>Vom Koralpenparkplatz (1630 m) entlang dem Panoramaweg (Weg Nr. 4) zur Goding. Von der Goding (1614 m) geht auf Weg Nr. 595 es steil aufw\u00e4rts zum Koralpenschutzhaus auf 1966 m (auf 1,5 km sind ca. 350 H\u00f6henmeter zu bew\u00e4ltigen). Vom Koralpenschutzhaus noch ca. 30 min. bergauf zum Gro\u00dfen Speikkogel, dem h\u00f6chsten Punkt der Wanderung. Sie befinden sich nun auf 2.141 m H\u00f6he. F\u00fcr die M\u00fche wird man mit einem herrlichen Panoramarundblick belohnt. Nach einer kurzen Rast geht es vorbei am Seespitz entlang des Bergr\u00fcckens der \"H\u00fchnerst\u00fctze\" bis zur Grillitsch\u00fctte (Weg Nr. 05, E6, 579). Dieser Abschnitt ist ein Teil des europ\u00e4ischen Weitwanderweges E6 und des \u00f6sterreichischen Weitwanderweges 05 von Nebelstein in Nieder\u00f6sterreich bis Eibiswald in der Steiermark. Von der Grillitschh\u00fctte geht es vorbei am Sch\u00e4ferkreuz und der Gro\u00dfh\u00f6llerh\u00fctte \u00fcber den Pomswasserfall zur\u00fcck zum Koralpenparkplatz, dem Ausgangspunkt der Rundtour (Weg Nr. 591, 592).<\/p>\n","protected":false},"excerpt":{"rendered":"Herrliche Rundwanderung auf der Koralpe. Bei klarer Fernsicht sieht man vom Gipfel (dem Gro\u00dfen Speikkogel) im S\u00fcd-Westen die Steiner Alpen, die Koschuta, die Julischen Alpen (Triglav 2.863 m), im Westen die Karnischen Alpen bis hin zu den Hohen Tauern, im Nord-Westen die Schladminger Tauern und W\u00f6lzer Tauern, im Norden die Eisenerzer Alpen und im S\u00fcden die Gottscheer Berge. Entlang des Bergr\u00fcckens verl\u00e4uft die Grenze zwischen den \u00f6sterreichischen Bundesl\u00e4ndern K\u00e4rnten und Steiermark. Obwohl die h\u00f6chsten Bereiche des aus kristallinem Gestein aufgebauten Gebirgszuges Hochgebirgscharakter aufweisen, ist der gr\u00f6\u00dfte Teil des Gebietes durch Mittelgebirgsformen gepr\u00e4gt. Vom Koralpenparkplatz (1630 m) entlang dem Panoramaweg (Weg Nr. 4) zur Goding. Von der Goding (1614 m) geht auf Weg Nr. 595 es steil aufw\u00e4rts zum Koralpenschutzhaus auf 1966 m (auf 1,5 km sind ca. 350 H\u00f6henmeter zu bew\u00e4ltigen). Vom Koralpenschutzhaus noch ca. 30 min. bergauf zum Gro\u00dfen Speikkogel, dem h\u00f6chsten Punkt der Wanderung. Sie befinden sich nun auf 2.141 m H\u00f6he. F\u00fcr die M\u00fche wird man mit einem herrlichen Panoramarundblick belohnt. Nach einer kurzen Rast geht es vorbei am Seespitz entlang des Bergr\u00fcckens der \"H\u00fchnerst\u00fctze\" bis zur Grillitsch\u00fctte (Weg Nr. 05, E6, 579). Dieser Abschnitt ist ein Teil des europ\u00e4ischen Weitwanderweges E6 und des \u00f6sterreichischen Weitwanderweges 05&nbsp;<a href=\"https:\/\/sommer.koralpe-kaernten.at\/?page_id=3045\" class=\"read-more\">Weiter lesen<\/a>","protected":false},"author":2,"featured_media":0,"parent":3029,"menu_order":0,"comment_status":"closed","ping_status":"closed","template":"page-fullwidth.php","meta":[],"_links":{"self":[{"href":"https:\/\/sommer.koralpe-kaernten.at\/index.php?rest_route=\/wp\/v2\/pages\/3045"}],"collection":[{"href":"https:\/\/sommer.koralpe-kaernten.at\/index.php?rest_route=\/wp\/v2\/pages"}],"about":[{"href":"https:\/\/sommer.koralpe-kaernten.at\/index.php?rest_route=\/wp\/v2\/types\/page"}],"author":[{"embeddable":true,"href":"https:\/\/sommer.koralpe-kaernten.at\/index.php?rest_route=\/wp\/v2\/users\/2"}],"replies":[{"embeddable":true,"href":"https:\/\/sommer.koralpe-kaernten.at\/index.php?rest_route=%2Fwp%2Fv2%2Fcomments&post=3045"}],"version-history":[{"count":1,"href":"https:\/\/sommer.koralpe-kaernten.at\/index.php?rest_route=\/wp\/v2\/pages\/3045\/revisions"}],"predecessor-version":[{"id":3046,"href":"https:\/\/sommer.koralpe-kaernten.at\/index.php?rest_route=\/wp\/v2\/pages\/3045\/revisions\/3046"}],"up":[{"embeddable":true,"href":"https:\/\/sommer.koralpe-kaernten.at\/index.php?rest_route=\/wp\/v2\/pages\/3029"}],"wp:attachment":[{"href":"https:\/\/sommer.koralpe-kaernten.at\/index.php?rest_route=%2Fwp%2Fv2%2Fmedia&parent=3045"}],"curies":[{"name":"wp","href":"https:\/\/api.w.org\/{rel}","templated":true}]}}